ors of q.
1663
Let n(c) = -c**3 - 26*c**2 - 58*c + 52. What are the prime factors of n(-30)?
2, 337
Suppose -5*d + 35 = x, -3*d - x - x + 14 = 0. Suppose d*r = 4*r + 8. What are the prime factors of (-62)/(-3) - r/3?
2, 5
Let g = 5 - 18. Let w = g + 18. Suppose 4*d + w = 61. List the prime factors of d.
2, 7
Let q = -46 + 47. What are the prime factors of (-203 - -1)/(1*(q - 3))?
101
Let r(i) = i - 8. Let h be r(12). Let v = h + -6. List the prime factors of 276/16 + v/8.
17
Let v be 2/10 + (-4036)/(-20). What are the prime factors of 24/(-16) - v/(-4)?
7
Suppose 2*u - 2*t + t = -7, 5*u - 4*t = -25. Let d = 169 - u. What are the prime factors of d?
2, 5, 17
Let h = -4322 - -7212. What are the prime factors of h?
2, 5, 17
Let u be (440 + -2)*(-12)/(-18). Suppose 0 = -5*l + u + 153. List the prime factors of l.
89
Let j(f) = -8*f + 1 - f**2 + f - 3. Suppose 0 = 3*g - 6 + 21. List the prime factors of j(g).
2
Let d = -43 - -37. Let o(w) = w**3 + 11*w**2 - 13*w + 2. List the prime factors of o(d).
2, 5, 13
Let u(a) = 4*a + 35. Let r(o) = -o - 12. Let s(n) = 8*r(n) + 3*u(n). Let v be (-2)/((-2)/3)*(-1320)/(-495). List the prime factors of s(v).
41
Let x be -2 + 1 + -1 - -15. Let c = -10 + x. List the prime factors of 11/((2 - c)/(-1)).
11
Suppose 4*g - 2 = 6. Suppose -4*r + 0*r + 575 = -5*d, -143 = -r + g*d. List the prime factors of r.
5, 29
Let c = 347 - 144. What are the prime factors of c?
7, 29
Let x = -1812 - -2677. List the prime factors of x.
5, 173
What are the prime factors of (6/10 - (-84344)/260) + -3?
2, 7, 23
Let x = 9 + -27. Let d be x/(-1)*8/3. Suppose -3*i + 2*i + d = -5*u, u - 162 = -5*i. What are the prime factors of i?
3, 11
Let v(b) be the first derivative of b**2/2 + 4*b + 5. What are the prime factors of v(9)?
13
Let p(l) = l**2 + 2*l - 1. Suppose 0 = -7*u + 3*u + 16, 17 = -3*w + 5*u. Let s be p(w). Suppose -t = -17 + s. What are the prime factors of t?
3, 5
Let l(n) = 9*n - 5. Let u(b) = 5*b - 2. Let a(y) = -4*l(y) + 7*u(y). Let v be a(2). Suppose -v*c = -7*c + 18. List the prime factors of c.
2, 3
Let c = -3109 + 6120. What are the prime factors of c?
3011
Let r = -1 + 3. Suppose r*m + 3 = m. List the prime factors of 10 - (-4 - -1)/m.
3
Suppose -6*v + 1 = -11. Suppose -2*c = -4*d - 72, 3*d + c = v*c - 54. What are the prime factors of (44/5)/(d/(-135))?
2, 3, 11
List the prime factors of (1500/5)/((0 - 1) + 2).
2, 3, 5
Let r = 7485 - 3652. What are the prime factors of r?
3833
Let a(z) = -15*z**3 + 6*z**2 + 33*z + 12. List the prime factors of a(-4).
2, 3, 13
Let t = -20 - -2. What are the prime factors of t/(-15)*80/(8/4)?
2, 3
Suppose 4*v - 37 = 4*q - 557, 4*q - 5*v = 520. Suppose 5*c = 5*f - 0*f + q, 3*f - c + 72 = 0. Let w = -12 - f. What are the prime factors of w?
11
Suppose -3*r + 24 = 3*k - 0*k, k - 5*r = -16. Suppose 0*p = k*p + 3*i - 29, -5*p + 19 = -2*i. Suppose t = -z + 14, p*z - 6 = 2*z. List the prime factors of t.
2, 3
Let f = 4137 + -2279. List the prime factors of f.
2, 929
Let a be (-3)/(-6) - 3/6. Suppose a*r + 54 = 2*r + 3*s, -4*r + 112 = 4*s. What are the prime factors of r?
2, 3, 5
Let j = 29 + 24. Suppose 5*c = j + 47. What are the prime factors of c?
2, 5
Let x = 1505 + -1414. List the prime factors of x.
7, 13
Let w = 174 - 398. Let p = -112 - w. List the prime factors of p.
2, 7
Let w(z) be the third derivative of -z**6/120 - z**5/20 + z**4/6 + z**3/6 + 6*z**2. Let h be w(-4). List the prime factors of 22*h - (5 + -3).
2, 5
Let c(q) = 5*q**2 + 15*q + 10. Let n(m) = -6*m**2 - 15*m - 9. Let r(y) = -5*c(y) - 4*n(y). Suppose -15*x + 65*x = -300. List the prime factors of r(x).
2, 5
Let j(i) = 13*i**2 + 28*i - 18. What are the prime factors of j(6)?
2, 3, 103
Let c(b) = 3*b**3 - 4*b**2 + 5*b. Let v be c(3). Let l = 13 + v. List the prime factors of l.
73
Suppose 14*w - 11*w = -2*v + 6043, -5*w = -5*v - 10030. List the prime factors of w.
2011
Suppose -15 = -3*p, 2*c - 5*p - 434 = 955. List the prime factors of c.
7, 101
Let n(w) = -4*w - 2. Let g be n(-5). Suppose 0*b + g = -b. Let k = 45 + b. List the prime factors of k.
3
Let o be -14 - (-4 - -7) - (-4 + 2). What are the prime factors of ((-1764)/(-20) - -1) + 3/o?
89
Suppose 0 = 13*z - 819 - 1001. Let b = -92 + z. List the prime factors of b.
2, 3
Let i(h) = 3*h**2 + 9*h - 15. What are the prime factors of i(13)?
3, 7, 29
Suppose 4*h - 4 = 12. Suppose 4*o + 4*g - 32 = 0, h = -4*o + g + 4*g. Suppose -o*t + 125 = -3. What are the prime factors of t?
2
Let y(x) = -21*x**3 - 63*x**2 - 3. List the prime factors of y(-6).
3, 5, 151
Let p(s) = -s**2 - 21*s - 22. Let n(t) = -6*t**2 - 3*t. Let l be n(-2). List the prime factors of p(l).
2
Let t = 134 + -221. Suppose 5*s + 190 = 5*u, -86 = 2*s + 2*u - 6*u. Let p = s - t. List the prime factors of p.
2, 3
Let k(b) be the first derivative of b**3/3 - 6*b**2 - 24*b - 12. List the prime factors of k(14).
2
What are the prime factors of (-12066)/(-4) + -3*2/12?
2, 13, 29
Let c be 9362/13 + (-82)/26 + 3. Suppose -j + c = 7*j. What are the prime factors of j?
2, 3, 5
Let v = -8 - -7. Let m = v + 4. List the prime factors of (3 + -1 - m)*-26.
2, 13
Suppose 2*h - 7 = -3. Suppose -h*w + 99 - 35 = 0. What are the prime factors of w?
2
Let z(f) be the second derivative of 21*f**4/4 - 5*f**3/6 + 3*f**2 + 18*f. What are the prime factors of z(2)?
2, 31
Suppose 3*f - 2*x - 11 = 0, -5*f + 0*x + 13 = 2*x. Suppose -4*p + f*p = -2. List the prime factors of (p - 8/12)*15.
2, 5
What are the prime factors of 4272/10 + (-52)/260?
7, 61
Suppose 7*u - 3*u - 92 = 0. Let h = 67 - u. List the prime factors of h.
2, 11
What are the prime factors of (-1859)/33*-39 - 3*-1?
2, 5, 11
Let i be (-38 - -2)*((-105)/(-10) + -9). Let f(m) = 3*m**2 + 3*m - 2. Let u be f(2). Let v = u - i. List the prime factors of v.
2, 5, 7
What are the prime factors of (-6)/84*-7*484?
2, 11
Suppose w - 4*w = -15. Suppose 0 = -p + 6*p + w*i - 30, 5*p + 3*i = 22. Suppose p*r + 0*r = 140. List the prime factors of r.
2, 5, 7
Suppose 0 = h - 42 + 12. What are the prime factors of 24/h*60/1?
2, 3
Let c = 1704 - -454. What are the prime factors of c?
2, 13, 83
Let h(y) = -2*y**2 - 8*y - 5. Let d be h(-5). Let a(g) = -12*g - 59. Let i be a(-5). List the prime factors of d/10*(i + -27).
3, 13
Suppose -13*y + 8 = -5*y. List the prime factors of 1*138 - (y - 5).
2, 71
Let n = -325 + 347. What are the prime factors of n?
2, 11
Let z = 166 + -126. Suppose 39*g = z*g - 335. What are the prime factors of g?
5, 67
Suppose 431*r - 433*r = -1082. List the prime factors of r.
541
Suppose -2*u + 2*s = -60, u - 5*s + 3*s = 35. Let r = 78 - u. What are the prime factors of r?
53
Let l be (-9 - 2)/((-6)/84). Suppose -4*w + l = 3*n + w, 2*w - 4 = 0. What are the prime factors of n?
2, 3
Let y = -10 - -1. List the prime factors of 0 + 0 - (-90 + y).
3, 11
List the prime factors of ((-981)/(-27))/((-1)/(-24)).
2, 109
Let a(o) = -41*o - 91. List the prime factors of a(-11).
2, 3, 5
Let i(f) = -123*f**3 + 2*f + 1. Let j = -33 + 32. What are the prime factors of i(j)?
2, 61
Suppose 2 = 7*m + 65. Let z = -11 - -28. Let y = z + m. What are the prime factors of y?
2
Suppose -15*p + 18*p = 8619. List the prime factors of p.
13, 17
Let k = -6985 - -10654. What are the prime factors of k?
3, 1223
Let a(k) = 3*k + 1. Let n be a(1). Suppose x = -5*h - 0*x - 38, n*h - 4*x = -16. List the prime factors of 14/(-3 - h/2).
2, 7
Let m(x) be the first derivative of x**4/4 - 10*x**3/3 + 10*x**2 - 11*x + 30. What are the prime factors of m(8)?
3, 7
Let o = -11 + 38. Let d = -39 + o. List the prime factors of ((-22)/2)/(d/24).
2, 11
Let i = 86 + -75. List the prime factors of i.
11
Let v(z) = -337*z - 2. What are the prime factors of v(-1)?
5, 67
Let u = -109 + 169. Let j be (129/6 - 1)*(0 - 2). Let h = u + j. List the prime factors of h.
19
Suppose 3*y - 2455 = -t, -t - 311 = y - 1130. List the prime factors of y.
2, 409
Let j(o) be the first derivative of o**2/2 + 2*o + 2. Let v be j(2). Suppose -v*a = -3*a - 22. What are the prime factors of a?
2, 11
Suppose 0 = p + 4 - 0, -o - 3*p - 23 = 0. Let m be (-4 - o)/(-1 - 0). Let n = 25 + m. List the prime factors of n.
2, 3
Let n be -5 + (2 - (0 - -2)). Let c(p) = p**3 + 7*p**2 + 6*p - 7. Let s be c(n). Let x = s + 6. List the prime factors of x.
19
Let d